{"id":810,"date":"2019-09-05T15:20:16","date_gmt":"2019-09-05T13:20:16","guid":{"rendered":"https:\/\/www.chateauderoncourt.fr\/?page_id=810"},"modified":"2023-07-18T22:59:21","modified_gmt":"2023-07-18T20:59:21","slug":"table-d-hotes","status":"publish","type":"page","link":"https:\/\/www.chateauderoncourt.fr\/?page_id=810&lang=fr","title":{"rendered":"La table d&rsquo;h\u00f4tes"},"content":{"rendered":"<div id=\"pl-810\"  class=\"panel-layout\" ><div id=\"pg-810-0\"  class=\"panel-grid panel-has-style\" ><div class=\"siteorigin-panels-stretch panel-row-style panel-row-style-for-810-0\" data-stretch-type=\"full-stretched\" ><div id=\"pgc-810-0-0\"  class=\"panel-grid-cell\" ><div id=\"panel-810-0-0-0\" class=\"so-panel widget widget_sow-editor panel-first-child panel-last-child\" data-index=\"0\" ><div class=\"panel-widget-style panel-widget-style-for-810-0-0-0\" ><div class=\"so-widget-sow-editor so-widget-sow-editor-base\">\n<div class=\"siteorigin-widget-tinymce textwidget\">\n\t<p style=\"text-align: center;\"><img loading=\"lazy\" decoding=\"async\" class=\"alignnone size-full wp-image-812\" src=\"https:\/\/www.chateauderoncourt.fr\/wp-content\/uploads\/2019\/09\/bandeau-table-dhote.jpg\" alt=\"\" width=\"1901\" height=\"795\" srcset=\"https:\/\/www.chateauderoncourt.fr\/wp-content\/uploads\/2019\/09\/bandeau-table-dhote.jpg 1901w, https:\/\/www.chateauderoncourt.fr\/wp-content\/uploads\/2019\/09\/bandeau-table-dhote-300x125.jpg 300w, https:\/\/www.chateauderoncourt.fr\/wp-content\/uploads\/2019\/09\/bandeau-table-dhote-768x321.jpg 768w, https:\/\/www.chateauderoncourt.fr\/wp-content\/uploads\/2019\/09\/bandeau-table-dhote-1024x428.jpg 1024w, https:\/\/www.chateauderoncourt.fr\/wp-content\/uploads\/2019\/09\/bandeau-table-dhote-600x251.jpg 600w\" sizes=\"auto, (max-width: 1901px) 100vw, 1901px\" \/><\/p>\n<\/div>\n<\/div><\/div><\/div><\/div><\/div><\/div><div id=\"pg-810-1\"  class=\"panel-grid panel-has-style\" ><div class=\"siteorigin-panels-stretch panel-row-style panel-row-style-for-810-1\" data-stretch-type=\"full-stretched\" ><div id=\"pgc-810-1-0\"  class=\"panel-grid-cell panel-grid-cell-empty\" ><\/div><div id=\"pgc-810-1-1\"  class=\"panel-grid-cell\" ><div id=\"panel-810-1-1-0\" class=\"so-panel widget widget_sow-editor panel-first-child panel-last-child\" data-index=\"1\" ><div class=\"panel-widget-style panel-widget-style-for-810-1-1-0\" ><div class=\"so-widget-sow-editor so-widget-sow-editor-base\">\n<div class=\"siteorigin-widget-tinymce textwidget\">\n\t<div class=\"mphb_sc_search-wrapper custom-form-horizontal-layout\">\n<form method=\"GET\" class=\"mphb_sc_search-form\" action=\"https:\/\/www.chateauderoncourt.fr\/?page_id=40\">\n\n\n\n\t<input type=\"hidden\" name=\"page_id\" value=\"40\" \/>\n<!-- <p class = \"mphb-required-fields-tip\">\n\n\t<small>\n\n\t\t\n\t\t<abbr title=\"required\">*<\/abbr>\n\n\t<\/small>\n\n<\/p>-->\n\n\n\t<p style =\"margin-right:10px;\">\n\n\t\t<label for=\"mphb_check_in_date-mphb-search-form-69f1ecd5cf1ac\" style=\"color: #FFFFFF;\">\n\n\t\t\tArriv\u00e9e\n\t\t\t<abbr title=\"Format\u00e9 comme dd\/mm\/yyyy\">*<\/abbr>\n\n\t\t<\/label>\n\n\t\t<br \/>\n\n\t\t<input\n\n\t\t\tid=\"mphb_check_in_date-mphb-search-form-69f1ecd5cf1ac\"\n\n\t\t\tdata-datepick-group=\"mphb-search-form-69f1ecd5cf1ac\"\n\n\t\t\tvalue=\"\"\n\n\t\t\tplaceholder=\"Date d'arriv\u00e9e\"\n\n\t\t\trequired=\"required\"\n\n\t\t\ttype=\"text\"\n\n\t\t\tname=\"mphb_check_in_date\"\n\n\t\t\tclass=\"mphb-datepick\"\n\n\t\t\tautocomplete=\"off\"\n\n\t\t\t\/>\n\n\t<\/p>\n\n\n\n\t<p class=\"mphb_sc_search-check-out-date\"  style =\"margin-right:10px;\">\n\n\t\t<label for=\"mphb_check_out_date-mphb-search-form-69f1ecd5cf1ac\" style=\"color: #FFFFFF;\">\n\n\t\t\tD\u00e9part\n\t\t\t<abbr title=\"Format\u00e9 comme dd\/mm\/yyyy\">*<\/abbr>\n\n\t\t<\/label>\n\n\t\t<br \/>\n\n\t\t<input\n\n\t\t\tid=\"mphb_check_out_date-mphb-search-form-69f1ecd5cf1ac\"\n\n\t\t\tdata-datepick-group=\"mphb-search-form-69f1ecd5cf1ac\"\n\n\t\t\tvalue=\"\"\n\n\t\t\tplaceholder=\"Date de d\u00e9part\"\n\n\t\t\trequired=\"required\"\n\n\t\t\ttype=\"text\"\n\n\t\t\tname=\"mphb_check_out_date\"\n\n\t\t\tclass=\"mphb-datepick\"\n\n\t\t\tautocomplete=\"off\"\n\n\t\t\t\/>\n\n\t<\/p>\n\n\n\n\t\n\t\t<p class=\"mphb_sc_search-adults\" style =\"margin-right:10px;\">\n\n\t\t\t<label for=\"mphb_adults-mphb-search-form-69f1ecd5cf1ac\" style=\"color: #FFFFFF;\">\n\n\t\t\t\tAdultes\n\t\t\t<\/label>\n\n\t\t\t<br \/>\n\n\t\t\t<select id=\"mphb_adults-mphb-search-form-69f1ecd5cf1ac\" name=\"mphb_adults\" >\n\n\t\t\t\t\n\t\t\t\t\t<option value=\"1\"  selected='selected'>1<\/option>\n\n\t\t\t\t\n\t\t\t\t\t<option value=\"2\" >2<\/option>\n\n\t\t\t\t\n\t\t\t\t\t<option value=\"3\" >3<\/option>\n\n\t\t\t\t\n\t\t\t\t\t<option value=\"4\" >4<\/option>\n\n\t\t\t\t\n\t\t\t\t\t<option value=\"5\" >5<\/option>\n\n\t\t\t\t\n\t\t\t\t\t<option value=\"6\" >6<\/option>\n\n\t\t\t\t\n\t\t\t\t\t<option value=\"7\" >7<\/option>\n\n\t\t\t\t\n\t\t\t\t\t<option value=\"8\" >8<\/option>\n\n\t\t\t\t\n\t\t\t\t\t<option value=\"9\" >9<\/option>\n\n\t\t\t\t\n\t\t\t\t\t<option value=\"10\" >10<\/option>\n\n\t\t\t\t\n\t\t\t\t\t<option value=\"11\" >11<\/option>\n\n\t\t\t\t\n\t\t\t\t\t<option value=\"12\" >12<\/option>\n\n\t\t\t\t\n\t\t\t\t\t<option value=\"13\" >13<\/option>\n\n\t\t\t\t\n\t\t\t\t\t<option value=\"14\" >14<\/option>\n\n\t\t\t\t\n\t\t\t\t\t<option value=\"15\" >15<\/option>\n\n\t\t\t\t\n\t\t\t\t\t<option value=\"16\" >16<\/option>\n\n\t\t\t\t\n\t\t\t\t\t<option value=\"17\" >17<\/option>\n\n\t\t\t\t\n\t\t\t\t\t<option value=\"18\" >18<\/option>\n\n\t\t\t\t\n\t\t\t\t\t<option value=\"19\" >19<\/option>\n\n\t\t\t\t\n\t\t\t\t\t<option value=\"20\" >20<\/option>\n\n\t\t\t\t\n\t\t\t\t\t<option value=\"21\" >21<\/option>\n\n\t\t\t\t\n\t\t\t\t\t<option value=\"22\" >22<\/option>\n\n\t\t\t\t\n\t\t\t\t\t<option value=\"23\" >23<\/option>\n\n\t\t\t\t\n\t\t\t\t\t<option value=\"24\" >24<\/option>\n\n\t\t\t\t\n\t\t\t\t\t<option value=\"25\" >25<\/option>\n\n\t\t\t\t\n\t\t\t\t\t<option value=\"26\" >26<\/option>\n\n\t\t\t\t\n\t\t\t\t\t<option value=\"27\" >27<\/option>\n\n\t\t\t\t\n\t\t\t\t\t<option value=\"28\" >28<\/option>\n\n\t\t\t\t\n\t\t\t\t\t<option value=\"29\" >29<\/option>\n\n\t\t\t\t\n\t\t\t\t\t<option value=\"30\" >30<\/option>\n\n\t\t\t\t\n\t\t\t<\/select>\n\n\t\t<\/p>\n\n\t\n\n\n\t\n\t\t<p class=\"mphb_sc_search-children\" style =\"margin-right:10px;\">\n\n\t\t\t<label for=\"mphb_children-mphb-search-form-69f1ecd5cf1ac\" style=\"color: #FFFFFF;\">\n\n\t\t\t\tEnfants\n\t\t\t<\/label>\n\n\t\t\t<br \/>\n\n\t\t\t<select id=\"mphb_children-mphb-search-form-69f1ecd5cf1ac\" name=\"mphb_children\">\n\n\t\t\t\t\n\t\t\t\t\t<option value=\"0\"  selected='selected'>0<\/option>\n\n\t\t\t\t\n\t\t\t\t\t<option value=\"1\" >1<\/option>\n\n\t\t\t\t\n\t\t\t\t\t<option value=\"2\" >2<\/option>\n\n\t\t\t\t\n\t\t\t\t\t<option value=\"3\" >3<\/option>\n\n\t\t\t\t\n\t\t\t\t\t<option value=\"4\" >4<\/option>\n\n\t\t\t\t\n\t\t\t\t\t<option value=\"5\" >5<\/option>\n\n\t\t\t\t\n\t\t\t\t\t<option value=\"6\" >6<\/option>\n\n\t\t\t\t\n\t\t\t\t\t<option value=\"7\" >7<\/option>\n\n\t\t\t\t\n\t\t\t\t\t<option value=\"8\" >8<\/option>\n\n\t\t\t\t\n\t\t\t\t\t<option value=\"9\" >9<\/option>\n\n\t\t\t\t\n\t\t\t\t\t<option value=\"10\" >10<\/option>\n\n\t\t\t\t\n\t\t\t<\/select>\n\n\t\t<\/p>\n\n\t\n\n\n\t\n\n\n\t\n\n\n\t<input id=\"mphb_check_in_date-mphb-search-form-69f1ecd5cf1ac-hidden\" value=\"\" type=\"hidden\" name=\"mphb_check_in_date\" \/><input id=\"mphb_check_out_date-mphb-search-form-69f1ecd5cf1ac-hidden\" value=\"\" type=\"hidden\" name=\"mphb_check_out_date\" \/>\n\n\n\t<p class=\"mphb_sc_search-submit-button-wrapper\">\n\n\t\t<input type=\"submit\" class=\"button\" value=\"Chercher\"\/>\n\n\t<\/p>\n\n\n\n\t\n\n\n<\/form><\/div>\n<\/div>\n<\/div><\/div><\/div><\/div><\/div><\/div><div id=\"pg-810-2\"  class=\"panel-grid panel-has-style\" ><div class=\"panel-row-style panel-row-style-for-810-2\" ><div id=\"pgc-810-2-0\"  class=\"panel-grid-cell\" ><div id=\"panel-810-2-0-0\" class=\"so-panel widget widget_sow-editor panel-first-child panel-last-child\" data-index=\"2\" ><div class=\"so-widget-sow-editor so-widget-sow-editor-base\">\n<div class=\"siteorigin-widget-tinymce textwidget\">\n\t<h2 style=\"text-align: center;\"><span style=\"font-family: montserrat, sans-serif;\">LA TABLE D\u2019H\u00d4TES EST PROPOS\u00c9E POUR LES D\u00ceNERS.<\/span><\/h2>\n<p style=\"text-align: center;\">La table d'h\u00f4tes est propos\u00e9e pour les d\u00eeners, uniquement pour les h\u00f4tes des chambres (hors roulotte) et sur r\u00e9servation.<br \/>\nIl\u00a0 est servi dans la salle \u00e0 manger.<\/p>\n<p style=\"text-align: center;\">En \u00e9t\u00e9, le d\u00eener peut \u00eatre servi sur la terrasse.<\/p>\n<p style=\"text-align: center;\">La plupart des ingr\u00e9dients utilis\u00e9s et servis est majoritairement issue du potager du ch\u00e2teau.<br \/>\nPour le reste, nous donnons la priorit\u00e9 aux producteurs locaux.<\/p>\n<\/div>\n<\/div><\/div><\/div><\/div><\/div><div id=\"pg-810-3\"  class=\"panel-grid panel-has-style\" ><div class=\"siteorigin-panels-stretch panel-row-style panel-row-style-for-810-3\" data-stretch-type=\"full\" ><div id=\"pgc-810-3-0\"  class=\"panel-grid-cell panel-grid-cell-empty\" ><\/div><div id=\"pgc-810-3-1\"  class=\"panel-grid-cell panel-grid-cell-mobile-last\" ><div id=\"panel-810-3-1-0\" class=\"so-panel widget widget_sow-editor panel-first-child panel-last-child\" data-index=\"3\" ><div class=\"panel-widget-style panel-widget-style-for-810-3-1-0\" ><div class=\"so-widget-sow-editor so-widget-sow-editor-base\">\n<div class=\"siteorigin-widget-tinymce textwidget\">\n\t<\/div>\n<\/div><\/div><\/div><\/div><div id=\"pgc-810-3-2\"  class=\"panel-grid-cell panel-grid-cell-empty\" ><\/div><\/div><\/div><div id=\"pg-810-4\"  class=\"panel-grid panel-has-style\" ><div class=\"siteorigin-panels-stretch panel-row-style panel-row-style-for-810-4\" data-stretch-type=\"full\" ><div id=\"pgc-810-4-0\"  class=\"panel-grid-cell\" ><div id=\"panel-810-4-0-0\" class=\"so-panel widget widget_sow-editor panel-first-child panel-last-child\" data-index=\"4\" ><div class=\"so-widget-sow-editor so-widget-sow-editor-base\">\n<div class=\"siteorigin-widget-tinymce textwidget\">\n\t<p style=\"text-align: center;\"><img loading=\"lazy\" decoding=\"async\" class=\"alignnone size-full wp-image-813\" src=\"https:\/\/www.chateauderoncourt.fr\/wp-content\/uploads\/2019\/09\/IMG_0488.jpg\" alt=\"\" width=\"360\" height=\"274\" srcset=\"https:\/\/www.chateauderoncourt.fr\/wp-content\/uploads\/2019\/09\/IMG_0488.jpg 360w, https:\/\/www.chateauderoncourt.fr\/wp-content\/uploads\/2019\/09\/IMG_0488-300x228.jpg 300w\" sizes=\"auto, (max-width: 360px) 100vw, 360px\" \/><\/p>\n<p style=\"text-align: center;\">LA SALLE A MANGER<\/p>\n<\/div>\n<\/div><\/div><\/div><div id=\"pgc-810-4-1\"  class=\"panel-grid-cell\" ><div id=\"panel-810-4-1-0\" class=\"so-panel widget widget_sow-editor panel-first-child panel-last-child\" data-index=\"5\" ><div class=\"so-widget-sow-editor so-widget-sow-editor-base\">\n<div class=\"siteorigin-widget-tinymce textwidget\">\n\t<p style=\"text-align: center;\"><img loading=\"lazy\" decoding=\"async\" class=\"alignnone size-full wp-image-815\" src=\"https:\/\/www.chateauderoncourt.fr\/wp-content\/uploads\/2019\/09\/IMG_7388.jpg\" alt=\"\" width=\"360\" height=\"274\" srcset=\"https:\/\/www.chateauderoncourt.fr\/wp-content\/uploads\/2019\/09\/IMG_7388.jpg 360w, https:\/\/www.chateauderoncourt.fr\/wp-content\/uploads\/2019\/09\/IMG_7388-300x228.jpg 300w\" sizes=\"auto, (max-width: 360px) 100vw, 360px\" \/><\/p>\n<p style=\"text-align: center;\">PETIT D\u00c9JEUNER EN EXT\u00c9RIEUR<\/p>\n<\/div>\n<\/div><\/div><\/div><div id=\"pgc-810-4-2\"  class=\"panel-grid-cell\" ><div id=\"panel-810-4-2-0\" class=\"so-panel widget widget_sow-editor panel-first-child panel-last-child\" data-index=\"6\" ><div class=\"so-widget-sow-editor so-widget-sow-editor-base\">\n<div class=\"siteorigin-widget-tinymce textwidget\">\n\t<p><img loading=\"lazy\" decoding=\"async\" class=\"alignnone size-medium wp-image-814\" src=\"https:\/\/www.chateauderoncourt.fr\/wp-content\/uploads\/2019\/09\/IMG_2523-300x228.jpg\" alt=\"\" width=\"360\" height=\"274\" srcset=\"https:\/\/www.chateauderoncourt.fr\/wp-content\/uploads\/2019\/09\/IMG_2523-300x228.jpg 300w, https:\/\/www.chateauderoncourt.fr\/wp-content\/uploads\/2019\/09\/IMG_2523.jpg 360w\" sizes=\"auto, (max-width: 360px) 100vw, 360px\" \/><\/p>\n<p style=\"text-align: center;\">DINER DANS LA SALLE \u00c0 MANGER<\/p>\n<\/div>\n<\/div><\/div><\/div><\/div><\/div><div id=\"pg-810-5\"  class=\"panel-grid panel-has-style\" ><div class=\"panel-row-style panel-row-style-for-810-5\" ><div id=\"pgc-810-5-0\"  class=\"panel-grid-cell\" ><div id=\"panel-810-5-0-0\" class=\"so-panel widget widget_sow-editor panel-first-child panel-last-child\" data-index=\"7\" ><div class=\"so-widget-sow-editor so-widget-sow-editor-base\">\n<div class=\"siteorigin-widget-tinymce textwidget\">\n\t<h2 style=\"text-align: left;\"><span style=\"font-family: montserrat, sans-serif;\">TARIFS<\/span><\/h2>\n<p style=\"text-align: left;\">Repas complet (hors boisson) : 16\u20ac par personne<br \/>\n-50% pour les enfants de moins de 12 ans<\/p>\n<p style=\"text-align: left;\">Boissons :<br \/>\nBouteille de vin (rouge ou blanc) : 15\u20ac<br \/>\nAp\u00e9ritifs : 3\u20ac<\/p>\n<p><em>Les boissons qui accompagnent ces repas sont principalement des vins en direct des producteurs et des ap\u00e9ritifs ou digestifs \"maison\".<br \/>\nmention l\u00e9gale : \"L'abus\u00a0d'alcool\u00a0est dangereux pour la sant\u00e9, consommez avec mod\u00e9ration\"<\/em><\/p>\n<\/div>\n<\/div><\/div><\/div><\/div><\/div><div id=\"pg-810-6\"  class=\"panel-grid panel-has-style\" ><div class=\"siteorigin-panels-stretch panel-row-style panel-row-style-for-810-6\" data-stretch-type=\"full\" ><div id=\"pgc-810-6-0\"  class=\"panel-grid-cell panel-grid-cell-empty\" ><\/div><div id=\"pgc-810-6-1\"  class=\"panel-grid-cell panel-grid-cell-mobile-last\" ><div id=\"panel-810-6-1-0\" class=\"so-panel widget widget_sow-editor panel-first-child panel-last-child\" data-index=\"8\" ><div class=\"panel-widget-style panel-widget-style-for-810-6-1-0\" ><div class=\"so-widget-sow-editor so-widget-sow-editor-base\">\n<div class=\"siteorigin-widget-tinymce textwidget\">\n\t<h2 style=\"text-align: center;\"><span style=\"font-family: 'montserrat', sans-serif;\">GALERIE PHOTOS<\/span><\/h2>\n<\/div>\n<\/div><\/div><\/div><\/div><div id=\"pgc-810-6-2\"  class=\"panel-grid-cell panel-grid-cell-empty\" ><\/div><\/div><\/div><div id=\"pg-810-7\"  class=\"panel-grid panel-has-style\" ><div class=\"siteorigin-panels-stretch panel-row-style panel-row-style-for-810-7\" data-stretch-type=\"full\" ><div id=\"pgc-810-7-0\"  class=\"panel-grid-cell panel-grid-cell-empty\" ><\/div><div id=\"pgc-810-7-1\"  class=\"panel-grid-cell panel-grid-cell-mobile-last\" ><div id=\"panel-810-7-1-0\" class=\"so-panel widget widget_sow-editor panel-first-child panel-last-child\" data-index=\"9\" ><div class=\"panel-widget-style panel-widget-style-for-810-7-1-0\" ><div class=\"so-widget-sow-editor so-widget-sow-editor-base\">\n<div class=\"siteorigin-widget-tinymce textwidget\">\n\t<\/div>\n<\/div><\/div><\/div><\/div><div id=\"pgc-810-7-2\"  class=\"panel-grid-cell panel-grid-cell-empty\" ><\/div><\/div><\/div><div id=\"pg-810-8\"  class=\"panel-grid panel-has-style\" ><div class=\"siteorigin-panels-stretch panel-row-style panel-row-style-for-810-8\" data-stretch-type=\"full\" ><div id=\"pgc-810-8-0\"  class=\"panel-grid-cell\" ><div id=\"panel-810-8-0-0\" class=\"so-panel widget widget_sow-editor panel-first-child panel-last-child\" data-index=\"10\" ><div class=\"so-widget-sow-editor so-widget-sow-editor-base\">\n<div class=\"siteorigin-widget-tinymce textwidget\">\n\t<div class=\"foogallery foogallery-container foogallery-default foogallery-lightbox-foobox fg-gutter-10 fg-center fg-default fg-light fg-border-thin fg-shadow-outline fg-loading-default fg-loaded-fade-in fg-custom fg-caption-hover fg-hover-fade fg-hover-zoom\" id=\"foogallery-gallery-834\" data-foogallery=\"{&quot;item&quot;:{&quot;showCaptionTitle&quot;:true,&quot;showCaptionDescription&quot;:true},&quot;lazy&quot;:true,&quot;src&quot;:&quot;data-src-fg&quot;,&quot;srcset&quot;:&quot;data-srcset-fg&quot;}\" data-fg-common-fields=\"1\" >\r\n\t<div class=\"fg-item\"><figure class=\"fg-item-inner\"><a href=\"https:\/\/www.chateauderoncourt.fr\/wp-content\/uploads\/2019\/09\/table-hotes-chateau-roncourt-proche-autoroute-A31.jpg\" data-attachment-id=\"846\" class=\"fg-thumb\"><span class=\"fg-image-wrap\"><img width=\"150\" height=\"150\" data-src-fg=\"https:\/\/www.chateauderoncourt.fr\/wp-content\/uploads\/cache\/2019\/09\/table-hotes-chateau-roncourt-proche-autoroute-A31\/-1743145599.jpg\" class=\"fg-image\" \/><\/span><\/a><figcaption class=\"fg-caption\"><div class=\"fg-caption-inner\"><\/div><\/figcaption><\/figure><div class=\"fg-loader\"><\/div><\/div><div class=\"fg-item\"><figure class=\"fg-item-inner\"><a href=\"https:\/\/www.chateauderoncourt.fr\/wp-content\/uploads\/2019\/09\/table-hotes-chateau-roncourt-proche-Bulgneville-autoroute-A31-Sortie-9.jpg\" data-attachment-id=\"847\" class=\"fg-thumb\"><span class=\"fg-image-wrap\"><img width=\"150\" height=\"150\" data-src-fg=\"https:\/\/www.chateauderoncourt.fr\/wp-content\/uploads\/cache\/2019\/09\/table-hotes-chateau-roncourt-proche-Bulgneville-autoroute-A31-Sortie-9\/1599997537.jpg\" class=\"fg-image\" \/><\/span><\/a><figcaption class=\"fg-caption\"><div class=\"fg-caption-inner\"><\/div><\/figcaption><\/figure><div class=\"fg-loader\"><\/div><\/div><div class=\"fg-item\"><figure class=\"fg-item-inner\"><a href=\"https:\/\/www.chateauderoncourt.fr\/wp-content\/uploads\/2019\/09\/table-hotes-chateau-roncourt-proche-Contrexeville.jpg\" data-attachment-id=\"848\" class=\"fg-thumb\"><span class=\"fg-image-wrap\"><img width=\"150\" height=\"150\" data-src-fg=\"https:\/\/www.chateauderoncourt.fr\/wp-content\/uploads\/cache\/2019\/09\/table-hotes-chateau-roncourt-proche-Contrexeville\/1553163963.jpg\" class=\"fg-image\" \/><\/span><\/a><figcaption class=\"fg-caption\"><div class=\"fg-caption-inner\"><\/div><\/figcaption><\/figure><div class=\"fg-loader\"><\/div><\/div><div class=\"fg-item\"><figure class=\"fg-item-inner\"><a href=\"https:\/\/www.chateauderoncourt.fr\/wp-content\/uploads\/2019\/09\/coq-et-poule-chateau-roncourt-proche-Vittel.jpg\" data-attachment-id=\"844\" class=\"fg-thumb\"><span class=\"fg-image-wrap\"><img width=\"150\" height=\"150\" data-src-fg=\"https:\/\/www.chateauderoncourt.fr\/wp-content\/uploads\/cache\/2019\/09\/coq-et-poule-chateau-roncourt-proche-Vittel\/508503595.jpg\" class=\"fg-image\" \/><\/span><\/a><figcaption class=\"fg-caption\"><div class=\"fg-caption-inner\"><\/div><\/figcaption><\/figure><div class=\"fg-loader\"><\/div><\/div><div class=\"fg-item\"><figure class=\"fg-item-inner\"><a href=\"https:\/\/www.chateauderoncourt.fr\/wp-content\/uploads\/2019\/09\/table-hotes-chateau-roncourt-proche-Vittel.jpg\" data-attachment-id=\"849\" class=\"fg-thumb\"><span class=\"fg-image-wrap\"><img width=\"150\" height=\"150\" data-src-fg=\"https:\/\/www.chateauderoncourt.fr\/wp-content\/uploads\/cache\/2019\/09\/table-hotes-chateau-roncourt-proche-Vittel\/-349748394.jpg\" class=\"fg-image\" \/><\/span><\/a><figcaption class=\"fg-caption\"><div class=\"fg-caption-inner\"><\/div><\/figcaption><\/figure><div class=\"fg-loader\"><\/div><\/div><div class=\"fg-item\"><figure class=\"fg-item-inner\"><a href=\"https:\/\/www.chateauderoncourt.fr\/wp-content\/uploads\/2019\/09\/jardin.jpg\" data-attachment-id=\"1405\" class=\"fg-thumb\"><span class=\"fg-image-wrap\"><img width=\"150\" height=\"150\" data-src-fg=\"https:\/\/www.chateauderoncourt.fr\/wp-content\/uploads\/cache\/2019\/09\/jardin\/1899904588.jpg\" class=\"fg-image\" \/><\/span><\/a><figcaption class=\"fg-caption\"><div class=\"fg-caption-inner\"><\/div><\/figcaption><\/figure><div class=\"fg-loader\"><\/div><\/div><div class=\"fg-item\"><figure class=\"fg-item-inner\"><a href=\"https:\/\/www.chateauderoncourt.fr\/wp-content\/uploads\/2019\/09\/legumes.jpg\" data-attachment-id=\"1406\" class=\"fg-thumb\"><span class=\"fg-image-wrap\"><img width=\"150\" height=\"150\" data-src-fg=\"https:\/\/www.chateauderoncourt.fr\/wp-content\/uploads\/cache\/2019\/09\/legumes\/602249113.jpg\" class=\"fg-image\" \/><\/span><\/a><figcaption class=\"fg-caption\"><div class=\"fg-caption-inner\"><\/div><\/figcaption><\/figure><div class=\"fg-loader\"><\/div><\/div><\/div>\r\n\n<\/div>\n<\/div><\/div><\/div><\/div><\/div><\/div>","protected":false},"excerpt":{"rendered":"<p>Arriv\u00e9e * D\u00e9part * Adultes 1 2 3 4 5 6 7 8 9 10 11 12 13 14 15 16 17 18 19 20 21 22 23 24 25 26 27 28 29 30 Enfants 0 1 2 3 4 5 6 7 8 9 10 LA TABLE D\u2019H\u00d4TES EST PROPOS\u00c9E POUR LES D\u00ceNERS. [&hellip;]<\/p>\n","protected":false},"author":1,"featured_media":0,"parent":0,"menu_order":0,"comment_status":"closed","ping_status":"closed","template":"","meta":{"footnotes":""},"class_list":["post-810","page","type-page","status-publish","hentry"],"jetpack_sharing_enabled":true,"_links":{"self":[{"href":"https:\/\/www.chateauderoncourt.fr\/index.php?rest_route=\/wp\/v2\/pages\/810","targetHints":{"allow":["GET"]}}],"collection":[{"href":"https:\/\/www.chateauderoncourt.fr\/index.php?rest_route=\/wp\/v2\/pages"}],"about":[{"href":"https:\/\/www.chateauderoncourt.fr\/index.php?rest_route=\/wp\/v2\/types\/page"}],"author":[{"embeddable":true,"href":"https:\/\/www.chateauderoncourt.fr\/index.php?rest_route=\/wp\/v2\/users\/1"}],"replies":[{"embeddable":true,"href":"https:\/\/www.chateauderoncourt.fr\/index.php?rest_route=%2Fwp%2Fv2%2Fcomments&post=810"}],"version-history":[{"count":0,"href":"https:\/\/www.chateauderoncourt.fr\/index.php?rest_route=\/wp\/v2\/pages\/810\/revisions"}],"wp:attachment":[{"href":"https:\/\/www.chateauderoncourt.fr\/index.php?rest_route=%2Fwp%2Fv2%2Fmedia&parent=810"}],"curies":[{"name":"wp","href":"https:\/\/api.w.org\/{rel}","templated":true}]}}