{"id":1573,"date":"2020-02-02T18:21:07","date_gmt":"2020-02-02T17:21:07","guid":{"rendered":"https:\/\/www.chateauderoncourt.fr\/?post_type=product&#038;p=1573"},"modified":"2020-02-02T18:21:07","modified_gmt":"2020-02-02T17:21:07","slug":"tete-dours-fait-a-partir-dune-grenade","status":"publish","type":"product","link":"https:\/\/www.chateauderoncourt.fr\/?product=tete-dours-fait-a-partir-dune-grenade&lang=fr","title":{"rendered":"t\u00eate d&rsquo;ours fait \u00e0 partir d&rsquo;une grenade"},"content":{"rendered":"<p><img loading=\"lazy\" decoding=\"async\" class=\"alignnone size-medium wp-image-1575\" src=\"https:\/\/www.chateauderoncourt.fr\/wp-content\/uploads\/2020\/02\/ours-grenade-300x221.jpg\" alt=\"\" width=\"300\" height=\"221\" srcset=\"https:\/\/www.chateauderoncourt.fr\/wp-content\/uploads\/2020\/02\/ours-grenade-300x221.jpg 300w, https:\/\/www.chateauderoncourt.fr\/wp-content\/uploads\/2020\/02\/ours-grenade-768x565.jpg 768w, https:\/\/www.chateauderoncourt.fr\/wp-content\/uploads\/2020\/02\/ours-grenade-1024x753.jpg 1024w, https:\/\/www.chateauderoncourt.fr\/wp-content\/uploads\/2020\/02\/ours-grenade-135x100.jpg 135w, https:\/\/www.chateauderoncourt.fr\/wp-content\/uploads\/2020\/02\/ours-grenade-600x441.jpg 600w\" sizes=\"auto, (max-width: 300px) 100vw, 300px\" \/><img loading=\"lazy\" decoding=\"async\" class=\"alignnone size-medium wp-image-1574\" src=\"https:\/\/www.chateauderoncourt.fr\/wp-content\/uploads\/2020\/02\/ours-grenade2-300x279.jpg\" alt=\"\" width=\"300\" height=\"279\" srcset=\"https:\/\/www.chateauderoncourt.fr\/wp-content\/uploads\/2020\/02\/ours-grenade2-300x279.jpg 300w, https:\/\/www.chateauderoncourt.fr\/wp-content\/uploads\/2020\/02\/ours-grenade2-768x714.jpg 768w, https:\/\/www.chateauderoncourt.fr\/wp-content\/uploads\/2020\/02\/ours-grenade2-1024x952.jpg 1024w, https:\/\/www.chateauderoncourt.fr\/wp-content\/uploads\/2020\/02\/ours-grenade2-600x558.jpg 600w\" sizes=\"auto, (max-width: 300px) 100vw, 300px\" \/><\/p>\n<p>Cette petite t\u00eate d&rsquo;ours est faite \u00e0 partir d&rsquo;une moiti\u00e9 de grenade retrouv\u00e9e en rangeant une grange. Elle est fix\u00e9e sur un morceau de bois et l&rsquo;objet s&rsquo;accroche ais\u00e9ment sur n&rsquo;importe quel mur.<\/p>\n","protected":false},"excerpt":{"rendered":"<p><img loading=\"lazy\" decoding=\"async\" class=\"alignnone size-medium wp-image-1575\" src=\"https:\/\/www.chateauderoncourt.fr\/wp-content\/uploads\/2020\/02\/ours-grenade-300x221.jpg\" alt=\"ours\" width=\"300\" height=\"221\" srcset=\"https:\/\/www.chateauderoncourt.fr\/wp-content\/uploads\/2020\/02\/ours-grenade-300x221.jpg 300w, https:\/\/www.chateauderoncourt.fr\/wp-content\/uploads\/2020\/02\/ours-grenade-768x565.jpg 768w, https:\/\/www.chateauderoncourt.fr\/wp-content\/uploads\/2020\/02\/ours-grenade-1024x753.jpg 1024w, https:\/\/www.chateauderoncourt.fr\/wp-content\/uploads\/2020\/02\/ours-grenade-135x100.jpg 135w, https:\/\/www.chateauderoncourt.fr\/wp-content\/uploads\/2020\/02\/ours-grenade-600x441.jpg 600w\" sizes=\"auto, (max-width: 300px) 100vw, 300px\" \/><\/p>\n<p>petit troph\u00e9e de t\u00eate d&rsquo;ours fabriqu\u00e9 avec une demi grenade retrouv\u00e9e dans une grange.<\/p>\n","protected":false},"featured_media":1575,"template":"","meta":[],"product_cat":[63,64],"product_tag":[89],"class_list":{"0":"post-1573","1":"product","2":"type-product","3":"status-publish","4":"has-post-thumbnail","6":"product_cat-objets-uniques","7":"product_cat-unique-objects","8":"product_tag-objet-insolite","9":"product_shipping_class-colissimo","11":"first","12":"instock","13":"taxable","14":"shipping-taxable","15":"purchasable","16":"product-type-simple"},"jetpack_sharing_enabled":true,"_links":{"self":[{"href":"https:\/\/www.chateauderoncourt.fr\/index.php?rest_route=\/wp\/v2\/product\/1573","targetHints":{"allow":["GET"]}}],"collection":[{"href":"https:\/\/www.chateauderoncourt.fr\/index.php?rest_route=\/wp\/v2\/product"}],"about":[{"href":"https:\/\/www.chateauderoncourt.fr\/index.php?rest_route=\/wp\/v2\/types\/product"}],"wp:featuredmedia":[{"embeddable":true,"href":"https:\/\/www.chateauderoncourt.fr\/index.php?rest_route=\/wp\/v2\/media\/1575"}],"wp:attachment":[{"href":"https:\/\/www.chateauderoncourt.fr\/index.php?rest_route=%2Fwp%2Fv2%2Fmedia&parent=1573"}],"wp:term":[{"taxonomy":"product_cat","embeddable":true,"href":"https:\/\/www.chateauderoncourt.fr\/index.php?rest_route=%2Fwp%2Fv2%2Fproduct_cat&post=1573"},{"taxonomy":"product_tag","embeddable":true,"href":"https:\/\/www.chateauderoncourt.fr\/index.php?rest_route=%2Fwp%2Fv2%2Fproduct_tag&post=1573"}],"curies":[{"name":"wp","href":"https:\/\/api.w.org\/{rel}","templated":true}]}}